 - 10?
4400
In base 15, what is 2 - a5?
-a3
In base 5, what is 10413 + -1?
10412
In base 7, what is 1 + -16?
-15
In base 12, what is -762 + 5?
-759
In base 16, what is 15 - -42?
57
In base 16, what is 2 - 1?
1
In base 16, what is -1c + 4e?
32
In base 16, what is -3 - 1c?
-1f
In base 14, what is d + -12?
-3
In base 6, what is 3 + 550?
553
In base 10, what is -3 - -502?
499
In base 7, what is 0 + -114?
-114
In base 10, what is 2095 - -5?
2100
In base 2, what is -1110111110 + -101?
-1111000011
In base 6, what is -5 + 2550?
2541
In base 14, what is -1 - -467?
466
In base 5, what is 4 + 302?
311
In base 6, what is 2 - -3253?
3255
In base 2, what is -1011001110001 - 100?
-1011001110101
In base 8, what is -1 - 237?
-240
In base 13, what is 3 + -7?
-4
In base 2, what is -111 + -10001101001?
-10001110000
In base 11, what is -7604 - -2?
-7602
In base 14, what is -195 - -3?
-192
In base 10, what is -810 + 1?
-809
In base 11, what is 17 - 1?
16
In base 7, what is 20 - -3225?
3245
In base 15, what is 267 - -3?
26a
In base 7, what is 1013 + 22?
1035
In base 2, what is 10010101 + 111?
10011100
In base 5, what is 1220 - -404?
2124
In base 13, what is -8 + -18?
-23
In base 15, what is e2 + -5?
dc
In base 11, what is -10364 - -4?
-10360
In base 10, what is 4 - -296?
300
In base 11, what is 3 - 1a84?
-1a81
In base 4, what is -1333 - -2?
-1331
In base 2, what is 1110010001000 + 11?
1110010001011
In base 11, what is -11 + -32?
-43
In base 16, what is 1 + d68?
d69
In base 6, what is -55 + -3?
-102
In base 16, what is -1 - -1745?
1744
In base 3, what is 121112 + -21?
121021
In base 15, what is 2 - -60?
62
In base 16, what is -5 + 35?
30
In base 13, what is -13 + c?
-4
In base 3, what is -2 - -1021?
1012
In base 14, what is -3 + -c2?
-c5
In base 3, what is 1122 + 122?
2021
In base 12, what is -4a + 7b?
31
In base 12, what is -6a8 + -2?
-6aa
In base 12, what is a20 + -2?
a1a
In base 5, what is -2204 - -10?
-2144
In base 11, what is -1 + -116a?
-1170
In base 13, what is -131 + -4?
-135
In base 14, what is 98 - -1?
99
In base 12, what is -3 + 1ab?
1a8
In base 3, what is -110120210 - 12?
-110120222
In base 8, what is 30 + -7?
21
In base 2, what is -1010110 + 100111?
-101111
In base 12, what is -65 + 8?
-59
In base 12, what is 1663 + 5?
1668
In base 10, what is 187 + -5?
182
In base 8, what is 2327 + -3?
2324
In base 9, what is -4 - 37?
-42
In base 10, what is 1 + -127?
-126
In base 15, what is 5 - -124?
129
In base 15, what is -5 + -1?
-6
In base 12, what is 16 - 10?
6
In base 10, what is -1 - 122?
-123
In base 11, what is -70 + -21?
-91
In base 6, what is 2 - -14?
20
In base 16, what is -469e + 2?
-469c
In base 12, what is -1 + 43?
42
In base 9, what is -5 - -3852?
3846
In base 4, what is 22022 - 1?
22021
In base 7, what is 0 - 23342?
-23342
In base 4, what is 11 + 22223?
22300
In base 10, what is -28 - 0?
-28
In base 15, what is -1 + -35b?
-35c
In base 12, what is -20 - -69?
49
In base 4, what is 231 + -123?
102
In base 5, what is -1 + 3300?
3244
In base 3, what is 10 + 1211?
1221
In base 13, what is 19 + 27?
43
In base 16, what is -23c + 2?
-23a
In base 8, what is 2 + 1543?
1545
In base 5, what is -2 - 1401?
-1403
In base 2, what is -101000 + -1?
-101001
In base 4, what is -3003 + 102?
-2301
In base 6, what is 20131 + -11?
20120
In base 10, what is 3 - -37?
40
In base 8, what is -3 + -11?
-14
In base 15, what is -18c + 6?
-186
In base 13, what is 8 + 204?
20c
In base 2, what is 100 - 10101?
-10001
In base 8, what is -34 + 7?
-25
In base 6, what is 0 + -31?
-31
In base 4, what is -3 + 21000?
20331
In base 3, what is 12 + 211200?
211212
In base 3, what is -12 - 12111?
-12200
In base 3, what is 1 - 101?
-100
In base 13, what is 4 - 478?
-474
In base 5, what is 0 + 4?
4
In base 5, what is 4 - -142?
201
In base 11, what is a5 - -1?
a6
In base 13, what is 6b + 2?
70
In base 3, what is -12 + -1212110?
-1212122
In base 3, what is -221111 + 101?
-221010
In base 13, what is 4 - 15?
-11
In base 12, what is -4 + 2039?
2035
In base 12, what is -72 - -61?
-11
In base 2, what is -111 + 11101011?
11100100
In base 2, what is -101 - -1000110110?
1000110001
In base 8, what is 460 + 1?
461
In base 12, what is -879 - 12?
-88b
In base 8, what is -356 + -4?
-362
In base 8, what is 4 + -144?
-140
In base 14, what is -43 + 5?
-3c
In base 11, what is -29 - 1?
-2a
In base 4, what is 23 + 133?
222
In base 13, what is a + 31?
3b
In base 10, what is -5 + -348?
-353
In base 14, what is 2 - 159?
-157
In base 8, what is -3 + 226?
223
In base 7, what is -6 - -103?
64
In base 7, what is 1 + -106?
-105
In base 7, what is -11464 - 1?
-11465
In base 11, what is -5 - 392?
-397
In base 16, what is -5 - 14?
-19
In base 10, what is 42 - -18?
60
In base 5, what is -3412 + 4?
-3403
In base 12, what is 10 + 140?
150
In base 15, what is 5 + 7e?
84
In base 5, what is -2 - 12?
-14
In base 14, what is -5 - -5c?
57
In base 13, what is 3 - -c38?
c3b
In base 10, what is -136 - -4?
-132
In base 5, what is -433 - 1?
-434
In base 5, what is 122 + 11?
133
In base 9, what is 4654 + -3?
4651
In base 14, what is -10 + -4?
-14
In base 2, what is 110001101 + -101?
110001000
In base 13, what is 61 + 2?
63
In base 16, what is -728 - 1?
-729
In base 4, what is 0 - 101?
-101
In base 14, what is 27 - -41?
68
In base 4, what is -10 - -10002?
3332
In base 12, what is -5 - -4a35?
4a30
In base 16, what is 1d + 47?
64
In base 3, what is -12022 + -1?
-12100
In base 14, what is 4 + 615?
619
In base 4, what is 11 + -12032?
-12021
In base 16, what is -32 + -1b?
-4d
In base 9, what is -5 + 847?
842
In base 3, what is -2 - 1022212?
-1022221
In base 3, what is -222 - -10002?
2010
In base 8, what is 4 + 220?
224
In base 3, what is 1012210 - 11?
1012122
In base 9, what is -1553 - 4?
-1557
In base 6, what is 1120 - 122?
554
In base 15, what is 16 - -94?
aa
In base 8, what is 2 - 14?
-12
In base 15, what is 181 + -2?
17e
In base 11, what is -38 - 5?
-42
In base 11, what is 477 + 20?
497
In base 11, what is 45 - 12?
33
In base 3, what is 222 + 1012?
2011
In base 7, what is 30 + 24?
54
In base 10, what is -212 - 4?
-216
In base 15, what is -8e - -1?
-8d
In base 16, what is 3354 + 3?
3357
In base 14, what is -1a6 + 12?
-194
In base 10, what is -11639 + -3?
-11642
In base 6, what is 11 + -4023?
-4012
In base 14, what is 11 - aa?
-99
In base 4, what is -2303110 + 0?
-2303110
In base 9, what is 11 + -63?
-52
In base 3, what is 2 - 2011?
-2002
In base 3, what is -12 + 101011?
100222
In base 3, what is 1122 - 1?
1121
In base 7, what is 1 - -6003?
6004
In base 11, what is 3 - 2960?
-2958
In base 3, what is 12 - 22?
-10
In base 16, what is 6dc + 0?
6dc
In base 6, what is -130 + -3?
-133
In base 15, what is -c3 - -21?
-a2
In base 10, what is -2 + -2017?
-2019
In base 11, what is -512 + -4?
-516
In base 16, what is b + 173?
17e
In base 13, what is -7 + -c?
-16
In base 3, what is 100 - -1100?
1200
In base 6, what is 233 + 5?
242
In base 4, what is -212 - 132?
-1010
In base 4, what is -2 - -1222010?
1222002
In base 6, what is -113324 + 2?
-113322
In base 16, what is 3 - -53?
56
In base 6, what is -1021 + 1?
-1020
In base 4, what is 123 - 102?
21
In base 5, what is 0 + 43100?
43100
In base 13, what is -13 - 13?
-26
In base 3, what is -11 - -21?
10
In base 15, what is -3 + -3c6?
-3c9
In base 2, what is -11000111 + -100?
-11001011
In base 14, what is -28cd - -2?
-28cb
In base 2, what is -110000 - 0?
-110000
In base 2, what is 10 + 11101?
11111
In base 12, what is 2 - 1300?
-12ba
In base 15, what is 17 + -7?
10
In base 3, what is 100100221 + -10?
100100211
In base 8, what is 33537 - -4?
33543
In base 15, what is 0 + -22d5?
-22d5
In base 16, what is bde - -5?
be3
In base 12, what is -3 - 44?
-47
In base 12, what is 2026 + 1?
2027
In base 7, what is -4 + -11334?
-11341
In base 5, what is 1 + -1410?
-1404
In base 13, what is -21b - -4?
-217
In base 3, what is -112 + -11?
-200
In base 2, what is 11 - 101110001?
-101101110
In base 12, what is -3 + -33?
-36
In base 4, what is 13022 + -120?
12302
In base 11, what is -71 + 1?
-70
In base 12, what is -7 - 77?
-82
In base 9, what is 2 - -6?
8
In base 12, what is -b8 - 1?
-b9
In base 8, what is 13 - -2055?
2070
In base 4, what is -123232 - 3?
-123301
In base 13, what is 2 + -2ca?
-2c8
In base 4, what is 1022 + -2?
1020
In